{"id":28,"date":"2025-07-25T18:33:00","date_gmt":"2025-07-25T16:33:00","guid":{"rendered":"https:\/\/kunstverein.advancedmagic.de\/index.php\/startseite-2\/"},"modified":"2026-04-02T23:45:45","modified_gmt":"2026-04-02T21:45:45","slug":"startseite-2","status":"publish","type":"page","link":"https:\/\/kunstverein-bamberg.de\/","title":{"rendered":"Home"},"content":{"rendered":"<section class=\"l-section wpb_row height_auto width_full with_img\"><div class=\"l-section-img\" role=\"img\" aria-label=\"Bild\" data-img-width=\"1920\" data-img-height=\"1280\" style=\"background-image: url(https:\/\/kunstverein-bamberg.de\/wp-content\/uploads\/2025\/08\/KV-startseite1.jpg);\"><\/div><div class=\"l-section-h i-cf\"><div class=\"g-cols vc_row via_grid cols_1 laptops-cols_inherit tablets-cols_inherit mobiles-cols_1 valign_top type_default stacking_default\"><div class=\"wpb_column vc_column_container\"><div class=\"vc_column-inner\"><div class=\"w-image us_custom_4872a6f7 has_height align_center\"><div class=\"w-image-h\"><img decoding=\"async\" width=\"800\" height=\"480\" src=\"https:\/\/kunstverein-bamberg.de\/wp-content\/uploads\/2025\/09\/KVBA_Logo_web_weiss.png\" class=\"attachment-full size-full\" alt=\"\" loading=\"lazy\" srcset=\"https:\/\/kunstverein-bamberg.de\/wp-content\/uploads\/2025\/09\/KVBA_Logo_web_weiss.png 800w, https:\/\/kunstverein-bamberg.de\/wp-content\/uploads\/2025\/09\/KVBA_Logo_web_weiss-300x180.png 300w\" sizes=\"auto, (max-width: 800px) 100vw, 800px\" \/><\/div><\/div><\/div><\/div><\/div><\/div><\/section><div class=\"w-separator size_medium\"><\/div><section class=\"l-section wpb_row height_auto\"><div class=\"l-section-h i-cf\"><div class=\"g-cols vc_row via_grid cols_4 laptops-cols_inherit tablets-cols_inherit mobiles-cols_1 valign_top type_default stacking_default\"><div class=\"wpb_column vc_column_container\"><div class=\"vc_column-inner\"><div class=\"w-image has_ratio align_none\"><a href=\"https:\/\/kunstverein-bamberg.de\/index.php\/aktuell\/\" aria-label=\"Dierk Berthel_Feuer, Schere, Licht_Detail2_Foto Dierk Berthel\" class=\"w-image-h\"><div style=\"padding-bottom:100%\"><\/div><img decoding=\"async\" width=\"1024\" height=\"683\" src=\"https:\/\/kunstverein-bamberg.de\/wp-content\/uploads\/2026\/01\/Dierk-Berthel_Feuer-Schere-Licht_Detail2_Foto-Dierk-Berthel-1-1024x683.jpg\" class=\"attachment-large size-large\" alt=\"\" loading=\"lazy\" \/><\/a><\/div><div class=\"w-text us_custom_58b1af09\"><a href=\"https:\/\/kunstverein-bamberg.de\/index.php\/aktuell\/\" class=\"w-text-h\"><span class=\"w-text-value\">Aktuell<\/span><\/a><\/div><\/div><\/div><div class=\"wpb_column vc_column_container\"><div class=\"vc_column-inner\"><div class=\"w-image has_ratio align_center\"><a href=\"https:\/\/kunstverein-bamberg.de\/index.php\/kommende\/\" aria-label=\"Portrait_Sophia S\u00fc\u00dfmilch_Cathrin Hoffmann_2025_Foto Cathrin Hoffmann &amp; Sophia S\u00fc\u00dfmilch\" class=\"w-image-h\"><div style=\"padding-bottom:100%\"><\/div><img decoding=\"async\" width=\"819\" height=\"1024\" src=\"https:\/\/kunstverein-bamberg.de\/wp-content\/uploads\/2026\/02\/Portrait_Sophia-Susmilch_Cathrin-Hoffmann_2025_Foto-Cathrin-Hoffmann-Sophia-Susmilch-819x1024.jpg\" class=\"attachment-large size-large\" alt=\"\" loading=\"lazy\" \/><\/a><\/div><div class=\"w-text us_custom_58b1af09\"><a href=\"https:\/\/kunstverein-bamberg.de\/index.php\/kommende\/\" class=\"w-text-h\"><span class=\"w-text-value\">Kommend<\/span><\/a><\/div><\/div><\/div><div class=\"wpb_column vc_column_container\"><div class=\"vc_column-inner\"><div class=\"w-image has_ratio align_none\"><a href=\"https:\/\/kunstverein-bamberg.de\/index.php\/kunstreisen\" aria-label=\"zeppelin\" class=\"w-image-h\"><div style=\"padding-bottom:100%\"><\/div><img decoding=\"async\" width=\"917\" height=\"1024\" src=\"https:\/\/kunstverein-bamberg.de\/wp-content\/uploads\/2026\/02\/zeppelin-917x1024.png\" class=\"attachment-large size-large\" alt=\"\" loading=\"lazy\" \/><\/a><\/div><div class=\"w-text us_custom_58b1af09\"><a href=\"https:\/\/kunstverein-bamberg.de\/index.php\/kunstreisen\/\" class=\"w-text-h\"><span class=\"w-text-value\">Kunstreisen<\/span><\/a><\/div><\/div><\/div><div class=\"wpb_column vc_column_container\"><div class=\"vc_column-inner\"><div class=\"w-image has_ratio align_center\"><a href=\"https:\/\/kunstverein-bamberg.de\/index.php\/archiv\/\" aria-label=\"Heike Baranowsky_2021_VG Bild Kunst Bonn\" class=\"w-image-h\"><div style=\"padding-bottom:100%\"><\/div><img decoding=\"async\" width=\"1024\" height=\"768\" src=\"https:\/\/kunstverein-bamberg.de\/wp-content\/uploads\/2025\/09\/Heike-Baranowsky_2021_VG-Bild-Kunst-Bonn-1024x768.jpeg\" class=\"attachment-large size-large\" alt=\"\" loading=\"lazy\" \/><\/a><\/div><div class=\"w-text us_custom_58b1af09\"><a href=\"https:\/\/kunstverein-bamberg.de\/index.php\/archiv\/\" class=\"w-text-h\"><span class=\"w-text-value\">Archiv<\/span><\/a><\/div><\/div><\/div><\/div><\/div><\/section><section class=\"l-section wpb_row height_medium\"><div class=\"l-section-h i-cf\"><div class=\"g-cols vc_row via_grid cols_1 laptops-cols_inherit tablets-cols_inherit mobiles-cols_1 valign_top type_default stacking_default\"><div class=\"wpb_column vc_column_container\"><div class=\"vc_column-inner\"><h2 class=\"w-text\"><span class=\"w-text-h\"><span class=\"w-text-value\">Ausstellungen<\/span><\/span><\/h2><div class=\"wpb_text_column\"><div class=\"wpb_wrapper\"><p>Wir sind ein rein ehrenamtlich organisierter und gemeinn\u00fctziger Kulturverein mit mehreren hundert Mitgliedern. Unsere Hauptaufgabe sehen wir in der Pr\u00e4sentation und Vermittlung zeitgen\u00f6ssischer, aktueller und junger Kunst. Die Begegnung mit neuen Str\u00f6mungen, Tendenzen und individuellen k\u00fcnstlerischen Positionen ist uns wichtig. Dazu geh\u00f6rt auch die Pr\u00e4sentation herausragender etablierter K\u00fcnstlerinnen und K\u00fcnstler, gleichzeitig aber auch der Kontakt zu regionalen und \u00fcberregionalen K\u00fcnstlern. Wir verstehen uns als Vermittler zwischen Kunst und Publikum und bem\u00fchen uns, das Bamberger Publikum sowie die G\u00e4ste der Stadt an zeitgen\u00f6ssische Kunst heranzuf\u00fchren und ihr Interesse daran zu wecken.<\/p>\n<\/div><\/div><\/div><\/div><\/div><\/div><\/section><section class=\"l-section wpb_row us_custom_9e1ac9dc hide_on_mobiles height_medium\"><div class=\"l-section-h i-cf\"><div class=\"g-cols vc_row via_grid cols_1-2 laptops-cols_inherit tablets-cols_inherit mobiles-cols_1 valign_top type_default stacking_default\"><div class=\"wpb_column vc_column_container us_custom_3257a9f0\"><div class=\"vc_column-inner\"><div class=\"w-image style_circle align_none\"><div class=\"w-image-h\"><img decoding=\"async\" width=\"713\" height=\"713\" src=\"https:\/\/kunstverein-bamberg.de\/wp-content\/uploads\/2025\/08\/portrait.jpg\" class=\"attachment-large size-large\" alt=\"\" loading=\"lazy\" srcset=\"https:\/\/kunstverein-bamberg.de\/wp-content\/uploads\/2025\/08\/portrait.jpg 713w, https:\/\/kunstverein-bamberg.de\/wp-content\/uploads\/2025\/08\/portrait-300x300.jpg 300w, https:\/\/kunstverein-bamberg.de\/wp-content\/uploads\/2025\/08\/portrait-150x150.jpg 150w\" sizes=\"auto, (max-width: 713px) 100vw, 713px\" \/><\/div><\/div><\/div><\/div><div class=\"wpb_column vc_column_container us_custom_bca6d6d0\"><div class=\"vc_column-inner\"><div class=\"w-separator size_medium\"><\/div><div class=\"wpb_text_column\"><div class=\"wpb_wrapper\"><p>Wir engagieren uns seit 1823 ehrenamtlich f\u00fcr die Kunst.<\/p>\n<p><em>&#8222;Es bildete sich in jener Zeit (um 1808) eine Art Kunstverein, der an Hoffmann, dem verlebten Direktor Marcus, dem zu fr\u00fch dahingeschiedenen Professor Klein, Professor Lichtenthaler, Kunz, Dr. Wei\u00dfe, Dr. Kupfer, sehr th\u00e4tige und einsichtsvolle Mitglieder besa\u00df, und auf das Urtheil des Publikums sehr g\u00fcnstig einwirkte &#8230;&#8220;<\/em><\/p>\n<p><strong>Dr. med. Friedrich Speyer, Assistent des Dr. Marcus, 1822 in: &#8222;Notizen \u00fcber Hoffmanns Aufenthalt zu Bamberg&#8220;<\/strong><\/p>\n<\/div><\/div><\/div><\/div><\/div><\/div><\/section><section class=\"l-section wpb_row hide_on_mobiles height_medium\"><div class=\"l-section-h i-cf\"><div class=\"g-cols vc_row via_grid cols_1 laptops-cols_inherit tablets-cols_inherit mobiles-cols_1 valign_top type_default stacking_default\"><div class=\"wpb_column vc_column_container stretched\"><div class=\"vc_column-inner\"><div class=\"w-slider us_custom_abc12e86 style_none fit_cover nav_dots count_8\"><div class=\"w-slider-h\" aria-hidden=\"true\"><div class=\"royalSlider\"><div class=\"rsContent\"><a class=\"rsImg\" data-rsw=\"1920\" data-rsh=\"669\" data-rsBigImg=\"https:\/\/kunstverein-bamberg.de\/wp-content\/uploads\/2025\/08\/KV-slider1.jpg\" href=\"https:\/\/kunstverein-bamberg.de\/wp-content\/uploads\/2025\/08\/KV-slider1.jpg\"><span data-alt=\"\"><\/span><\/a><\/div><div class=\"rsContent\"><a class=\"rsImg\" data-rsw=\"1920\" data-rsh=\"669\" data-rsBigImg=\"https:\/\/kunstverein-bamberg.de\/wp-content\/uploads\/2025\/08\/KV-slider2.jpg\" href=\"https:\/\/kunstverein-bamberg.de\/wp-content\/uploads\/2025\/08\/KV-slider2.jpg\"><span data-alt=\"\"><\/span><\/a><\/div><div class=\"rsContent\"><a class=\"rsImg\" data-rsw=\"1920\" data-rsh=\"669\" data-rsBigImg=\"https:\/\/kunstverein-bamberg.de\/wp-content\/uploads\/2025\/08\/KV-slider3.jpg\" href=\"https:\/\/kunstverein-bamberg.de\/wp-content\/uploads\/2025\/08\/KV-slider3.jpg\"><span data-alt=\"\"><\/span><\/a><\/div><div class=\"rsContent\"><a class=\"rsImg\" data-rsw=\"1920\" data-rsh=\"669\" data-rsBigImg=\"https:\/\/kunstverein-bamberg.de\/wp-content\/uploads\/2025\/08\/KV-slider4.jpg\" href=\"https:\/\/kunstverein-bamberg.de\/wp-content\/uploads\/2025\/08\/KV-slider4.jpg\"><span data-alt=\"\"><\/span><\/a><\/div><div class=\"rsContent\"><a class=\"rsImg\" data-rsw=\"1920\" data-rsh=\"669\" data-rsBigImg=\"https:\/\/kunstverein-bamberg.de\/wp-content\/uploads\/2025\/08\/KV-slider5.jpg\" href=\"https:\/\/kunstverein-bamberg.de\/wp-content\/uploads\/2025\/08\/KV-slider5.jpg\"><span data-alt=\"\"><\/span><\/a><\/div><div class=\"rsContent\"><a class=\"rsImg\" data-rsw=\"1920\" data-rsh=\"669\" data-rsBigImg=\"https:\/\/kunstverein-bamberg.de\/wp-content\/uploads\/2025\/08\/KV-slider6.jpg\" href=\"https:\/\/kunstverein-bamberg.de\/wp-content\/uploads\/2025\/08\/KV-slider6.jpg\"><span data-alt=\"\"><\/span><\/a><\/div><div class=\"rsContent\"><a class=\"rsImg\" data-rsw=\"1920\" data-rsh=\"669\" data-rsBigImg=\"https:\/\/kunstverein-bamberg.de\/wp-content\/uploads\/2025\/08\/KV-slider7.jpg\" href=\"https:\/\/kunstverein-bamberg.de\/wp-content\/uploads\/2025\/08\/KV-slider7.jpg\"><span data-alt=\"\"><\/span><\/a><\/div><div class=\"rsContent\"><a class=\"rsImg\" data-rsw=\"1920\" data-rsh=\"669\" data-rsBigImg=\"https:\/\/kunstverein-bamberg.de\/wp-content\/uploads\/2025\/08\/KV-slider8.jpg\" href=\"https:\/\/kunstverein-bamberg.de\/wp-content\/uploads\/2025\/08\/KV-slider8.jpg\"><span data-alt=\"\"><\/span><\/a><\/div><\/div><img decoding=\"async\" src=\"https:\/\/kunstverein-bamberg.de\/wp-content\/uploads\/2025\/08\/KV-slider1.jpg\" width=\"1920\" height=\"669\" alt loading=\"lazy\"><\/div><div class=\"w-slider-json\" onclick='return {&quot;autoScaleSlider&quot;:true,&quot;addActiveClass&quot;:true,&quot;loop&quot;:true,&quot;fadeInLoadedSlide&quot;:false,&quot;slidesSpacing&quot;:0,&quot;imageScalePadding&quot;:0,&quot;numImagesToPreload&quot;:2,&quot;arrowsNav&quot;:true,&quot;arrowsNavAutoHide&quot;:false,&quot;transitionType&quot;:&quot;move&quot;,&quot;transitionSpeed&quot;:250,&quot;block&quot;:{&quot;moveEffect&quot;:&quot;none&quot;,&quot;speed&quot;:300},&quot;thumbs&quot;:{&quot;fitInViewport&quot;:false,&quot;firstMargin&quot;:false,&quot;spacing&quot;:4},&quot;controlNavigation&quot;:&quot;bullets&quot;,&quot;autoplay&quot;:{&quot;enabled&quot;:true,&quot;pauseOnHover&quot;:true,&quot;delay&quot;:3000},&quot;fullscreen&quot;:{&quot;enabled&quot;:true},&quot;autoScaleSliderWidth&quot;:1920,&quot;autoScaleSliderHeight&quot;:669}'><\/div><\/div><\/div><\/div><\/div><\/div><\/section><section class=\"l-section wpb_row height_medium\"><div class=\"l-section-h i-cf\"><div class=\"g-cols vc_row via_grid cols_1 laptops-cols_inherit tablets-cols_inherit mobiles-cols_1 valign_top type_default stacking_default\"><div class=\"wpb_column vc_column_container\"><div class=\"vc_column-inner\"><div class=\"wpb_text_column\"><div class=\"wpb_wrapper\"><div id=\"cc-m-13207889399\" class=\"j-module n j-text \">\n<h3>Mitglied werden<\/h3>\n<p>Sie haben freien Eintritt in unseren Ausstellungen (Villa Dessauer und Kesselhaus) sowie in allen dem AdKV angeschlossenen Vereinen.<\/p>\n<p>Sie erhalten Einladungen und Informationen durch unsere Rundbriefe zu allen <a href=\"\/index.php\/aktuelle-ausstellungen\/\">Ausstellungen<\/a> und zu weiteren Veranstaltungen wie Vortr\u00e4gen, Reisen und Diskussionsrunden.<\/p>\n<p>Sie k\u00f6nnen zu g\u00fcnstigen Konditionen <a href=\"\/index.php\/jahresgaben\/\">Jahresgaben<\/a> erwerben, z.B. eine vom K\u00fcnstler signierte hochwertige Original-Druckgrafik (oft exklusiv nur im Kunstverein Bamberg erh\u00e4ltlich!).<\/p>\n<p>Wollen Sie sich dar\u00fcber hinaus aktiv in unsere Vereinsarbeit einbringen, stehen Ihnen viele M\u00f6glichkeiten offen:<\/p>\n<ul>\n<li>Ein Einstieg kann sein, dass Sie uns Ihre Zeit und Kraft spenden, indem Sie bei unserer Ausstellungsorganisation mitwirken. Sie k\u00f6nnen z.B. stundenweise Ausstellungsaufsichten \u00fcbernehmen, unsere K\u00fcnstler bei Transporten und dem Auf- und Abbau der Ausstellungen unterst\u00fctzen oder Sie k\u00f6nnen bei den Vernissagen und sonstigen Veranstaltungen des Vereins mithelfen.<\/li>\n<li>Wenn Sie sich f\u00fcr die \u00dcbernahme von Verantwortung in unserem Verein interessieren, k\u00f6nnen Sie jederzeit mit dem Vorstand in Kontakt treten. Alle zwei Jahre finden Vorstandswahlen statt, dort k\u00f6nnen Sie sich f\u00fcr den Beirat oder ein Amt bewerben. Gerade auch im Rahmen einer Nachfolgeplanung stehen Ihnen hier viele T\u00fcren offen.<\/li>\n<li>Haben Sie ein eigenes Projekt, das Sie umsetzen wollen und das f\u00fcr den Kunstverein interessant sein k\u00f6nnte? Sprechen Sie uns Aktive an, wir treffen uns gerne mit Ihnen, um dar\u00fcber zu sprechen.<\/li>\n<\/ul>\n<p>Wir laden jedes Jahr unsere Neumitglieder zu einem gegenseitigen Kennenlernen ein.<\/p>\n<p>Sie helfen uns ehrenamtlich Aktiven sehr, wenn Sie sich bei der Bezahlung des Mitgliedsbeitrags f\u00fcr ein SEPA-Lastschriftmandat entscheiden.<\/p>\n<p>Wir freuen uns auf Sie!<\/p>\n<\/div>\n<\/div><\/div><div class=\"w-btn-wrapper align_none\"><a class=\"w-btn us-btn-style_1\" href=\"\/index.php\/mitglied-werden\/\"><span class=\"w-btn-label\">Mitglied werden<\/span><\/a><\/div><\/div><\/div><\/div><\/div><\/section><section class=\"l-section wpb_row height_medium\"><div class=\"l-section-h i-cf\"><div class=\"g-cols vc_row via_grid cols_1 laptops-cols_inherit tablets-cols_inherit mobiles-cols_1 valign_top type_default stacking_default\"><div class=\"wpb_column vc_column_container\"><div class=\"vc_column-inner\"><h3 class=\"w-text\"><span class=\"w-text-h\"><span class=\"w-text-value\">Kontakt<\/span><\/span><\/h3><form class=\"w-form  us-field-style_1 layout_ver show_message_after_sending for_cform us_form_1 validate_by_recaptcha\" action=\"https:\/\/kunstverein-bamberg.de\/index.php\/wp-json\/wp\/v2\/pages\/28\" method=\"post\"><div class=\"w-form-h\"><div class=\"w-form-row for_text has_label required\">\r\n\t\t\t<div class=\"w-form-row-label\">\r\n\t\t\t<span>Name *<\/span>\r\n\t\t<\/div>\r\n\t\t<div class=\"w-form-row-field\">\r\n\t\t\t\t\t\t<input aria-label=\"Name\" type=\"text\" name=\"us_form_1_text_1\" value placeholder=\"Name\" data-required=\"true\" aria-required=\"true\"\/>\r\n\t\t\t<\/div>\r\n\t\t<div class=\"w-form-row-state\">Bitte f\u00fcllen Sie dieses Feld aus.<\/div>\r\n<\/div>\r\n<div class=\"w-form-row for_email has_label required\">\r\n\t\t\t<div class=\"w-form-row-label\">\r\n\t\t\t<span>E-Mail *<\/span>\r\n\t\t<\/div>\r\n\t\t<div class=\"w-form-row-field\">\r\n\t\t\t\t\t\t<input aria-label=\"E-Mail\" type=\"email\" name=\"us_form_1_email_1\" value placeholder=\"E-Mail\" data-required=\"true\" aria-required=\"true\"\/>\r\n\t\t\t<\/div>\r\n\t\t<div class=\"w-form-row-state\">Bitte gib eine g\u00fcltige E-Mail-Adresse ein.<\/div>\r\n<\/div>\r\n<div class=\"w-form-row for_text has_label required\">\r\n\t\t\t<div class=\"w-form-row-label\">\r\n\t\t\t<span>Betreff *<\/span>\r\n\t\t<\/div>\r\n\t\t<div class=\"w-form-row-field\">\r\n\t\t\t\t\t\t<input aria-label=\"Betreff\" type=\"text\" name=\"us_form_1_text_2\" value placeholder=\"Betreff\" data-required=\"true\" aria-required=\"true\"\/>\r\n\t\t\t<\/div>\r\n\t\t<div class=\"w-form-row-state\">Bitte f\u00fcllen Sie dieses Feld aus.<\/div>\r\n<\/div>\r\n<div class=\"w-form-row for_textarea\">\r\n\t\t<div class=\"w-form-row-field\">\r\n\t\t\t\t\t\t<textarea aria-label=\"Text\" name=\"us_form_1_textarea_1\" placeholder=\"Text\"><\/textarea>\r\n\t\t\t<\/div>\r\n\t\t<div class=\"w-form-row-state\">Bitte f\u00fcllen Sie dieses Feld aus.<\/div>\r\n<\/div>\r\n<div class=\"w-form-row for_info\">\r\n\t<p>Wiir freuen uns \u00fcber Ihr Interesse, bitten jedoch um Verst\u00e4ndnis, dass wir keine Initiativbewerbungen ber\u00fccksichtigen k\u00f6nnen.<\/p>\r\n<\/div>\r\n<input type=\"hidden\" name=\"action\" value=\"us_ajax_cform\" \/>\r\n<input type=\"hidden\" name=\"post_id\" value=\"0\" \/>\r\n<input type=\"hidden\" name=\"form_index\" value=\"1\" \/>\r\n<div class=\"w-form-row for_recaptcha_text\">This site is protected by reCAPTCHA and the Google <a href=\"https:\/\/policies.google.com\/privacy\" target=\"_blank\">Privacy Policy<\/a> and <a href=\"https:\/\/policies.google.com\/terms\" target=\"_blank\">Terms of Service<\/a> apply.<\/div><div class=\"w-form-row for_submit align_none\"><button class=\"w-btn us-btn-style_1\" type=\"submit\" aria-label=\"abschicken\"><span class=\"g-preloader type_1\"><\/span><span class=\"w-btn-label\">abschicken<\/span><\/button><\/div><\/div><div class=\"w-form-message\"><\/div><div class=\"w-form-json hidden\" onclick='return {&quot;ajaxurl&quot;:&quot;https:\\\/\\\/kunstverein-bamberg.de\\\/wp-admin\\\/admin-ajax.php&quot;,&quot;messages&quot;:{&quot;err_empty&quot;:&quot;Bitte f\\u00fcllen Sie dieses Feld aus.&quot;,&quot;err_size&quot;:&quot;Die Dateigr\\u00f6\\u00dfe darf %s MB nicht \\u00fcberschreiten&quot;,&quot;err_extension&quot;:&quot;Dateityp %s ist nicht zul\\u00e4ssig&quot;,&quot;err_recaptcha_keys&quot;:&quot;reCAPTCHA-Schl\\u00fcssel sind fehlerhaft&quot;},&quot;recaptcha_site_key&quot;:&quot;6LfoTtYrAAAAAGPDUyHS5fKxUq5revJFzYpqNslv&quot;}'><\/div><\/form><div class=\"w-separator size_medium\"><\/div><div class=\"w-text us_custom_68da1fe9\"><span class=\"w-text-h\"><span class=\"w-text-value\">Bildrechte Kommend: Dierk Berthel, Archiv: Heike Baranowsky, Kunstreisen: Zeppelin-Museum Friedrichshafen CC BY-NC-SA<\/span><\/span><\/div><\/div><\/div><\/div><\/div><\/section>\n","protected":false},"excerpt":{"rendered":"","protected":false},"author":1,"featured_media":24081,"parent":0,"menu_order":0,"comment_status":"closed","ping_status":"closed","template":"","meta":{"footnotes":""},"class_list":["post-28","page","type-page","status-publish","has-post-thumbnail","hentry"],"_links":{"self":[{"href":"https:\/\/kunstverein-bamberg.de\/index.php\/wp-json\/wp\/v2\/pages\/28","targetHints":{"allow":["GET"]}}],"collection":[{"href":"https:\/\/kunstverein-bamberg.de\/index.php\/wp-json\/wp\/v2\/pages"}],"about":[{"href":"https:\/\/kunstverein-bamberg.de\/index.php\/wp-json\/wp\/v2\/types\/page"}],"author":[{"embeddable":true,"href":"https:\/\/kunstverein-bamberg.de\/index.php\/wp-json\/wp\/v2\/users\/1"}],"replies":[{"embeddable":true,"href":"https:\/\/kunstverein-bamberg.de\/index.php\/wp-json\/wp\/v2\/comments?post=28"}],"version-history":[{"count":112,"href":"https:\/\/kunstverein-bamberg.de\/index.php\/wp-json\/wp\/v2\/pages\/28\/revisions"}],"predecessor-version":[{"id":25183,"href":"https:\/\/kunstverein-bamberg.de\/index.php\/wp-json\/wp\/v2\/pages\/28\/revisions\/25183"}],"wp:featuredmedia":[{"embeddable":true,"href":"https:\/\/kunstverein-bamberg.de\/index.php\/wp-json\/wp\/v2\/media\/24081"}],"wp:attachment":[{"href":"https:\/\/kunstverein-bamberg.de\/index.php\/wp-json\/wp\/v2\/media?parent=28"}],"curies":[{"name":"wp","href":"https:\/\/api.w.org\/{rel}","templated":true}]}}